(-7)?
6
What is the ten thousands digit of (15/10)/(-5 + 3 + (-97190)/(-48592))?
1
Let s(h) be the first derivative of 5*h**2/2 + 12*h - 5. Suppose 4*k + 70 = 5*g, 2*k = -3*g - 2*k + 42. What is the units digit of s(g)?
2
Suppose -3*m - 170496 = -14*m - 7*m. What is the units digit of m?
2
Let f(j) = 44 + 99*j**3 - 98*j**3 + 24 + 35*j**2 - 6*j**2. What is the units digit of f(-29)?
8
Let r(z) = -4*z - 25. Let o be r(-7). Suppose -46 = -o*w + 14. Let s(j) = 9*j - 50. What is the units digit of s(w)?
0
Let k = -173 - -179. Suppose 3*x = k, a = -a - 3*x + 1364. What is the tens digit of a?
7
Let l = -67 + 70. Suppose l*d + 101 = 2*t + 2*t, 0 = -2*t - 4*d + 56. Suppose 2*k - k - t = 3*m, -2*k - 4*m + 52 = 0. What is the tens digit of k?
2
Suppose 0 = 5*w - 4*n - 8313, -2*w - 3*n = -2041 - 1298. Suppose -2301 = -3*m + w. What is the units digit of m?
2
Let p = 14275 + 73. What is the hundreds digit of p?
3
Let g(a) = -3*a + 37. Let x be g(11). Suppose -h = -0*h - x*h. Suppose 0 = 3*j + 3, h = c - 3*j + 2*j - 93. What is the tens digit of c?
9
Let l = -1789 + 1068. Let v = l + 1236. What is the hundreds digit of v?
5
Let o(v) = 11*v - 2. Let r be o(0). What is the hundreds digit of 17100/24 + r/4?
7
Let a = -21 - -23. Suppose -1229 = -a*d + 823. What is the thousands digit of d?
1
Suppose 5*k - 3*z - 30553 = 0, -2*z + 6303 = k + 195. What is the thousands digit of k?
6
Suppose b - 113 = 4*f, 291 + 58 = 3*b - 2*f. Let r be (0 + 3)*(-48)/(-1). Let i = r - b. What is the tens digit of i?
2
Suppose 2*f + 2*v - 16 = 0, -3*f - 2*v = -7*v. Let i(x) = x**2 + 12*x + 6. Let d be i(-11). What is the units digit of (7/d)/(f/(-75))?
1
Suppose k = v - 0*k - 8, 3*v = -k + 8. Let q(a) = 8*a - 14 - v + 19. What is the tens digit of q(4)?
3
Suppose 42*h - 45*h = 6057. What is the hundreds digit of ((h/(-3))/1)/(-4 + 5)?
6
What is the ten thousands digit of 5/8*-4*2 - -1790*14?
2
Let b be ((-8)/10)/(4 - (-132)/(-30)). Suppose -2*p = -p - 2*h - 343, -4*h = b*p - 662. What is the hundreds digit of p?
3
Suppose 9*p + 3548 = -448. Let d = p + 1017. What is the tens digit of d?
7
Let r = -15496 - -21807. What is the units digit of r?
1
Suppose 50*z = -7*z - 46148 + 494681. What is the tens digit of z?
6
Let n(y) = y**3 + y - 1. Let f(o) = 16*o**2 + 3*o - 9. Let z(q) = f(q) - n(q). What is the tens digit of z(13)?
2
Let b = 352 - 1303. Let j = 2071 + b. Suppose -2*a = 6*a - j. What is the hundreds digit of a?
1
Let a(h) = -5 - 4 + 12 + 8*h. Let x be a(5). Let s = 17 + x. What is the tens digit of s?
6
Suppose 15*h - 1754 = 5206. Suppose -3*l - 20*p = -22*p - 296, 5*l - h = -4*p. What is the tens digit of l?
9
Let o(i) = 8*i**2 + 7. Let d(z) = z**3 + 10*z**2 - z - 5. Let y be d(-10). Suppose -3*m + 13 = w - m, y*w + 3*m = 30. What is the units digit of o(w)?
9
What is the hundreds digit of (-8162)/(-212)*(-81304)/(-44)?
1
Suppose 3*u - 89 - 181 = 0. Suppose 34 - u = j. Let p = 75 + j. What is the tens digit of p?
1
Let u(s) = s**2 - 9*s - 24. Let t be u(12). Let y = 8 - t. What is the units digit of 78 + ((-36)/(-3))/y?
5
Let f = 106 - 102. Let g = 33 + -33. Suppose 0 = 4*i + 5*u - 194, g = 5*i - f*u - 167 - 96. What is the tens digit of i?
5
Let q be (-5)/(-10)*(-9)/((-27)/47190). Suppose 51*i = 40*i + q. What is the hundreds digit of i?
7
Suppose 425841 = 9*s + 2*s + 2*s. What is the units digit of s?
7
Let v be 0*((-15)/6)/5. Let y be ((-7)/14)/((-1)/2)*v. Suppose 5*b + 0*b - 2*s - 1151 = 0, y = 2*b - 4*s - 470. What is the tens digit of b?
2
Let a be (-16)/72 + (-5753)/(-9). Suppose 0 = 36*m - 27*m - a. What is the units digit of m?
1
Let n be 1 - 0 - (30 + -41). What is the units digit of 28651/35 + n/(-20)?
8
Let s(c) be the first derivative of -c**4/4 + 13*c**3/3 + 27*c**2/2 + 2*c + 178. What is the hundreds digit of s(-6)?
5
Let x be 5/(130/157287) + 2/4. Suppose 0 = -2*i + 5*u + 3259, -4*i + u + 513 + x = 0. What is the hundreds digit of i?
6
Let d be 58/(-5)*(1 + -31). Suppose 9*i + 755 = -775. Let b = i + d. What is the tens digit of b?
7
Let k(x) = 2*x**3 - 46*x**2 + 7*x - 55. What is the thousands digit of k(25)?
2
Let s be (70/(-15) - -5)/((-1)/(-15)). Suppose 3*q = x + 1688, -s*q - x = -4*q - 556. Let l = -262 + q. What is the tens digit of l?
9
Let y = 10614 - 6561. What is the tens digit of y?
5
Suppose 5*u = -5, 3*u + 8951 = 4*z - 4216. What is the units digit of z?
1
Suppose 28*a = 11*a - 2346. Let f = -124 - a. Suppose f*q - q - 3237 = 0. What is the units digit of q?
9
Suppose 4*d = -v + 151601, -2*v + 79577 = 4*d - 72025. What is the thousands digit of d?
7
Suppose 13951183 = -350*m + 16240129 + 23867954. What is the thousands digit of m?
4
Suppose 83339 = -97*k + 50*k + 551882. What is the units digit of k?
9
Let c be 4*(-1 + 5/10) + 10. Suppose c*h - 1128 = 968. What is the tens digit of h?
6
Suppose -3*p + 0*p + 14 = -4*o, 0 = 3*p + 4*o + 2. Suppose v = p*k + 2*k + 69, -290 = -4*v + 2*k. What is the tens digit of v?
7
Let r(x) = -338*x**3 - 4*x**2 + 25*x + 2. What is the thousands digit of r(-3)?
9
Let m be 30/9 + 8/(-6). Let d(h) = -7*h + 12*h**m + 0*h - h**3 - 1 - h + 3*h**2. What is the tens digit of d(14)?
8
Let w(d) = d**3 + 67*d**2 + 99*d + 847. What is the thousands digit of w(-64)?
6
Let d(v) = 90*v**2 - 12*v + 40. Let x be d(4). Suppose r = -2*q + 2858, x = q + r - 2*r. What is the tens digit of q?
3
Let p be (-1 - -29)*833/(-196). What is the units digit of (-544)/p*(56 - 0)?
6
Let u(w) = -137*w**3 - 4*w**2 - w - 2. Let y be u(-3). Suppose 0 = -0*n + 8*n - y. What is the hundreds digit of n?
4
Suppose -72 = -36*w - 0. Suppose -w*q - 375 = 5*r - 5435, 0 = -r + 5*q + 1039. What is the thousands digit of r?
1
Suppose 3*q + h = 7, -5*q - 3 = -4*q + 3*h. Suppose 5*n - 4*m = -215, 2*n + m = q*m - 88. Let l = 73 + n. What is the tens digit of l?
3
Suppose -3 = -10*m + 247. Suppose 23*w - m*w = -206. What is the tens digit of w?
0
Suppose 11*p - 95325 = -23011. What is the tens digit of p?
7
Suppose m + x + 7453 = 58422, 509754 = 10*m + 2*x. What is the units digit of m?
7
Suppose -10*a = 28*a - 342266. What is the tens digit of a?
0
Let m(l) = -123*l - 861. What is the hundreds digit of m(-55)?
9
Let m(q) be the second derivative of -5*q**3/2 - 31*q**2/2 + 2*q. Suppose 99 = -s + 91. What is the tens digit of m(s)?
8
Suppose 17*f - 628 = 6784. Suppose -f - 143 = -t. What is the tens digit of t?
7
Let t = -7619 - -12095. What is the hundreds digit of t?
4
Let y(m) = -5*m + 15. Let v(b) = b**2 + 4*b - 22. Let n be v(-13). Let u = n - 121. What is the tens digit of y(u)?
4
Let z be (-9945)/(-17) - (-1 - -2). Let g = 527 + z. What is the hundreds digit of g?
1
Let h(y) = y**2 - 48*y + 181. Let j be h(44). Suppose -j*u = 2*d - 808 + 120, -4*d = -5*u - 1376. What is the tens digit of d?
4
Suppose 22*i - 18*i + 24 = 0. Let d(x) = -x**3 - 7*x**2 - 6*x + 4. Let n be d(i). Suppose n*k = 167 + 241. What is the units digit of k?
2
Let n(x) = -x**2 + 11*x - 21. Let o be n(5). Suppose 4*m + 7*d - 4*d + o = 0, -6 = 4*m + 2*d. What is the units digit of 5 + (181 - -5) + m?
1
Let t = -4 - -14. Let h(w) = 3651*w**2 + 6 - 7*w - 3650*w**2 - 1. What is the tens digit of h(t)?
3
Let v = -3314 + 10333. What is the thousands digit of v?
7
Suppose 4*l - 6*l - 4 = 0. Let s(f) = -24*f - 6. Let z be s(l). Suppose 40*b + 390 = z*b. What is the hundreds digit of b?
1
Let b(y) = -1574*y - 1241. What is the units digit of b(-7)?
7
Suppose -899*z = -898*z - 1059. What is the thousands digit of z?
1
Let y(h) = h**2 - 16*h + 18. Let n be y(15). What is the units digit of n*(0 + 3/(12/244))?
3
Let s(k) = -k - 60 + 10*k**2 - 20*k - 4*k**2 + 7*k. What is the units digit of s(-13)?
6
Suppose q - 6*g - 9762 = -2*g, 11*q = 5*g + 107304. What is the tens digit of q?
5
Let y(j) = 16*j**2 - 16*j. Let o be y(-3). Let a = o - 152. What is the units digit of a?
0
Let c = 165 + -214. Let f be -1 + -1 - 534/(-3). Let u = f + c. What is the tens digit of u?
2
Let r be 5/25 - 561/55. What is the hundreds digit of ((-115)/r + -7)/((-3)/(-138))?
2
Let k(s) = 3*s**2 - 14*s + 14. Let t be k(9). Let j = t + 46. What is the units digit of j?
7
Suppose -u - 71294 + 320587 = 10*u. What is the units digit of u?
3
Suppose 2*w = y + 2, -4*y + 10 = -7*w + 5*w. Suppose p - 4 + 1 = 0, 0 = -y*n - 2*p + 2714.